 ten millions digit of 141344961?
4
What is the ten thousands digit of 4307341162?
4
What is the hundreds digit of 24511283?
2
What is the tens digit of 26003214?
1
What is the units digit of 11553389?
9
What is the hundred thousands digit of 3661043560?
0
What is the ten millions digit of 2785602712?
8
What is the hundred thousands digit of 188910739?
9
What is the units digit of 74988465?
5
What is the hundred millions digit of 120216443?
1
What is the tens digit of 392706334?
3
What is the millions digit of 98287563?
8
What is the tens digit of 1769713986?
8
What is the millions digit of 187251438?
7
What is the tens digit of 78324699?
9
What is the tens digit of 617397864?
6
What is the ten millions digit of 572914488?
7
What is the ten thousands digit of 5465861893?
6
What is the billions digit of 5339866735?
5
What is the ten millions digit of 152850059?
5
What is the thousands digit of 33216447?
6
What is the ten millions digit of 630680180?
3
What is the hundred thousands digit of 54782482?
7
What is the units digit of 2373522683?
3
What is the millions digit of 33240365?
3
What is the units digit of 2477833265?
5
What is the ten millions digit of 426891005?
2
What is the hundreds digit of 2742919507?
5
What is the units digit of 921879296?
6
What is the hundred millions digit of 1108813256?
1
What is the units digit of 4777162055?
5
What is the thousands digit of 3473672838?
2
What is the ten thousands digit of 96479625?
7
What is the ten thousands digit of 157017543?
1
What is the units digit of 247698819?
9
What is the hundreds digit of 647410693?
6
What is the hundreds digit of 874923611?
6
What is the units digit of 75962548?
8
What is the ten thousands digit of 1289989477?
8
What is the ten millions digit of 608712214?
0
What is the ten thousands digit of 940283538?
8
What is the hundred thousands digit of 91687818?
6
What is the ten thousands digit of 480508204?
0
What is the tens digit of 1938161259?
5
What is the millions digit of 69506963?
9
What is the hundreds digit of 44461197?
1
What is the tens digit of 880130888?
8
What is the hundred thousands digit of 723545755?
5
What is the millions digit of 60533823?
0
What is the millions digit of 703259836?
3
What is the hundreds digit of 1552643798?
7
What is the ten thousands digit of 34533879?
3
What is the millions digit of 4682630?
4
What is the hundred thousands digit of 10369162?
3
What is the hundreds digit of 157426659?
6
What is the millions digit of 51288984?
1
What is the units digit of 64171193?
3
What is the hundreds digit of 200365987?
9
What is the ten millions digit of 49511703?
4
What is the millions digit of 870496517?
0
What is the tens digit of 562404500?
0
What is the tens digit of 612596026?
2
What is the hundreds digit of 90304291?
2
What is the ten millions digit of 20423632?
2
What is the ten thousands digit of 147482122?
8
What is the ten thousands digit of 32856617?
5
What is the hundred millions digit of 357894021?
3
What is the tens digit of 1878770417?
1
What is the tens digit of 344149511?
1
What is the hundred millions digit of 1317803558?
3
What is the ten thousands digit of 262438702?
3
What is the units digit of 1280174172?
2
What is the tens digit of 8119950?
5
What is the ten millions digit of 5391725247?
9
What is the units digit of 414352450?
0
What is the hundreds digit of 15351605?
6
What is the billions digit of 1776351222?
1
What is the ten millions digit of 483056664?
8
What is the hundred thousands digit of 295091382?
0
What is the tens digit of 266206317?
1
What is the hundreds digit of 5024153?
1
What is the ten thousands digit of 391622492?
2
What is the hundreds digit of 3904695?
6
What is the millions digit of 525541339?
5
What is the thousands digit of 41303256?
3
What is the ten thousands digit of 1387486674?
8
What is the ten thousands digit of 416755157?
5
What is the ten millions digit of 123770002?
2
What is the ten thousands digit of 95003295?
0
What is the thousands digit of 226263940?
3
What is the hundreds digit of 57691245?
2
What is the ten thousands digit of 923481990?
8
What is the millions digit of 45565841?
5
What is the billions digit of 4541980179?
4
What is the hundreds digit of 1174150204?
2
What is the units digit of 340467506?
6
What is the hundred thousands digit of 5255036719?
0
What is the millions digit of 193764443?
3
What is the thousands digit of 29966097?
6
What is the millions digit of 483210401?
3
What is the ten millions digit of 75177497?
7
What is the thousands digit of 176352408?
2
What is the hundreds digit of 66156543?
5
What is the units digit of 2392564053?
3
What is the units digit of 99993678?
8
What is the hundred millions digit of 271969915?
2
What is the ten thousands digit of 176601843?
0
What is the hundred thousands digit of 617885420?
8
What is the hundred thousands digit of 46070221?
0
What is the hundred millions digit of 125834598?
1
What is the tens digit of 830248852?
5
What is the ten thousands digit of 1074045432?
4
What is the thousands digit of 87839492?
9
What is the units digit of 65605003?
3
What is the thousands digit of 42150187?
0
What is the ten millions digit of 793729717?
9
What is the millions digit of 93840425?
3
What is the hundreds digit of 10877025?
0
What is the hundreds digit of 838453118?
1
What is the millions digit of 503987963?
3
What is the hundred thousands digit of 168904288?
9
What is the tens digit of 42854627?
2
What is the thousands digit of 564058534?
8
What is the tens digit of 3359021007?
0
What is the hundreds digit of 455258753?
7
What is the hundreds digit of 209652058?
0
What is the thousands digit of 109849393?
9
What is the billions digit of 1073809427?
1
What is the units digit of 607259496?
6
What is the millions digit of 61174603?
1
What is the hundreds digit of 180015813?
8
What is the units digit of 293597655?
5
What is the tens digit of 20162913?
1
What is the units digit of 20362424?
4
What is the ten thousands digit of 4044078911?
7
What is the hundreds digit of 135001563?
5
What is the tens digit of 270504879?
7
What is the hundreds digit of 2088588897?
8
What is the thousands digit of 131095577?
5
What is the units digit of 372829399?
9
What is the units digit of 8438361906?
6
What is the hundred millions digit of 1248616583?
2
What is the hundred thousands digit of 21790157?
7
What is the hundreds digit of 519637988?
9
What is the hundred millions digit of 452991860?
4
What is the ten millions digit of 5635020089?
3
What is the hundred thousands digit of 248656853?
6
What is the tens digit of 13488795?
9
What is the millions digit of 17171867?
7
What is the hundreds digit of 59641750?
7
What is the units digit of 438801582?
2
What is the hundreds digit of 2858878045?
0
What is the hundred thousands digit of 38457173?
4
What is the tens digit of 1479085760?
6
What is the tens digit of 2274331772?
7
What is the ten thousands digit of 205035263?
3
What is the millions digit of 1567209723?
7
What is the ten thousands digit of 1217887872?
8
What is the millions digit of 90477388?
0
What is the millions digit of 57977127?
7
What is the tens digit of 155723118?
1
What is the millions digit of 1926481926?
6
What is the units digit of 776063511?
1
What is the units digit of 76966415?
5
What is the hundred thousands digit of 1452952722?
9
What is the hundred thousands digit of 2203182598?
1
What is the ten millions digit of 1074346066?
7
What is the thousands digit of 69983292?
3
What is the hundred millions digit of 4869770568?
8
What is the billions digit of 1090508129?
1
What is the thousands digit of 1547878699?
8
What is the ten thousands digit of 29199395?
9
What is the tens digit of 33041450?
5
What is the millions digit of 42429589?
2
What is the ten thousands digit of 116017952?
1
What is the hundreds digit of 1092971651?
6
What is the ten millions digit of 348368947?
4
What is the hundred thousands digit of 11716991?
7
What is the tens digit of 140644066?
6
What is the hundred millions digit of 422284527?
4
What is the hundred millions digit of 2759623112?
7
What is the ten millions digit of 415624599?
1
What is the tens digit of 378680643?
4
What is the ten thousands digit of 651137078?
3
What is the hundreds digit of 21